4
Let k(o) = 136*o**2 + 14*o. What is the hundreds digit of k(4)?
2
Let g(w) = -w**2 - 11*w + 6. Suppose -5*s - 2 = n - 0, 4*s = -4*n - 40. Let b be g(n). Let o = -2 - b. What is the units digit of o?
4
Let t(f) = 32*f**3 + 0 - f**2 + 45*f**3 + 29*f - 26*f - 2. What is the units digit of t(1)?
7
Let j(z) be the second derivative of z**5/20 + 11*z**4/12 + 4*z**3/3 + 6*z**2 - 14*z. What is the units digit of j(-10)?
2
Suppose 8*o + 4*f = 5*o + 74, 2*f + 132 = 5*o. What is the units digit of o?
6
What is the units digit of (-2)/16*-4918 - 2/(-8)?
5
Let p be 1/4 - 30/(-8). Suppose p*c - 15 = 3*c. What is the units digit of c?
5
Suppose 3 + 18 = 3*c. Let m(y) = -y**2 + 5*y + 1. Let a be m(c). Let s = 23 + a. What is the units digit of s?
0
Let t = 35 + -14. What is the units digit of ((-35)/t)/(3/(-117))?
5
Let a be 7/((-14)/(-4)) - 3. Let c be (2 - a) + -2 + 20. Suppose -2*s = -3 - c. What is the tens digit of s?
1
Suppose -3*f - 8 = -23. Suppose -f*w - 48 = -4*b, -1 = b + 3*w + 4. What is the units digit of b?
7
Let d(y) = 32*y**2 - 450*y - 12. What is the hundreds digit of d(18)?
2
Suppose w - 3*b - 1772 = 0, -2067 = -3*w - 5*b + 3305. What is the hundreds digit of w?
7
Suppose r - 4*r = 255. What is the tens digit of 2/(-17) - 10125/r?
1
Let r(k) be the first derivative of 26*k**3 - k - 3. What is the units digit of r(-1)?
7
What is the hundreds digit of -12*(-158)/6*(-34)/(-8)?
3
Let x = 1036 + -959. What is the units digit of x?
7
Let t(x) = -17*x - 15. Let d(a) = 11*a + 10. Let m(r) = r + 2. Let y be m(3). Let j(q) = y*t(q) + 8*d(q). What is the units digit of j(5)?
0
Suppose 7*l = 21 + 35. What is the units digit of l/(-1 + 5) - 52*-1?
4
Let v(q) = q**2 - q - 6. Let p be v(4). Suppose 8*f - p*f = 4. Suppose f*t - 42 = -22. What is the units digit of t?
0
Let k be 1 + 11/(-2)*-2. Let p = k + -12. Suppose p = -5*r + v + v + 95, -r - 2*v + 7 = 0. What is the units digit of r?
7
Let f = -138 + 136. What is the tens digit of f - 40/(-18) - (-2696)/18?
5
Let x = -5 - -58. Let r = x - 9. What is the units digit of r?
4
Suppose 2*h - 2*z - 3602 = 0, -h = -3*z + 8*z - 1825. What is the tens digit of h?
0
Suppose 0 = -16*h + 11*h + 55. Let m = 19 + h. What is the units digit of m?
0
Let q = 1054 - 320. What is the hundreds digit of q?
7
Let q be (-28)/(-154) - 4/22. Suppose 4*o - j - 3 = 2*o, q = -o + 4*j - 9. Suppose 3*d + o*d - 168 = 0. What is the tens digit of d?
2
Suppose 5247 + 18085 = 19*o. What is the tens digit of o?
2
Let v(f) = 2*f - 31. Let w(q) = q - 16. Let z(m) = -3*v(m) + 5*w(m). Let r be z(8). Suppose 0 = r*x - 4*x - 17. What is the units digit of x?
7
Let c(n) = 5321*n**2 - 5*n - 1. What is the tens digit of c(-1)?
2
Suppose -q - 2*u = -2044, 17*q - 2*u - 10196 = 12*q. What is the units digit of q?
0
Let p = -2930 - -5679. What is the tens digit of p?
4
Suppose -18*q + 12434 = -9976. What is the tens digit of q?
4
Let t be (2 - 1) + (-1 - 17). Let n = -52 + 87. Let g = t + n. What is the units digit of g?
8
Let m(x) = -40*x**3 - 5*x**2 - 12*x - 17. What is the thousands digit of m(-3)?
1
Suppose -6*q = -4*q + 6. Let o(b) = 13*b**2 + 4*b + 6. What is the tens digit of o(q)?
1
Suppose 2*q - 2*u = 36, -5*u + 19 = -4*q + 93. Let l(x) = -x + 18. Let v be l(q). Suppose 0 = -v*n + 6. What is the units digit of n?
3
Let y = 1 - 7. Let a = y + 26. What is the tens digit of a?
2
Suppose 3*o + 319 = 2*n, -6*n - 3*o + 516 = -3*n. What is the hundreds digit of n?
1
Suppose 74 = 12*k - 106. What is the tens digit of k?
1
Suppose 5*m - 33 - 2 = 0. Suppose 2*n - m*n = -25. Suppose -30 = -5*y + n. What is the units digit of y?
7
Let h = -4077 + 6200. What is the tens digit of h?
2
Let w(g) = -31*g - 5. Suppose 1 = o - 3*v + 4*v, 0 = -4*o + 2*v - 20. Let c be w(o). Let n = -52 + c. What is the tens digit of n?
3
Suppose -3*p = -12 + 36. Suppose 0*n + 6 = 2*n, 72 = -5*y + 4*n. Let m = p - y. What is the units digit of m?
4
Suppose 0*l - l = -1. Suppose -v = -l + 4. What is the tens digit of (-6)/(-4)*(-26)/v?
1
Let d = -3571 + 6331. What is the tens digit of d?
6
Let l be 3 + (1 - 3) + 3. Suppose d + 1 - 5 = -c, 3*c = 5*d + l. Suppose -a + 11 = i, -c*i = -0*a - 4*a + 23. What is the units digit of a?
8
Let m = 5981 - 4203. What is the hundreds digit of m?
7
Let y = -2024 + 4392. What is the tens digit of (-8)/(-10) - y/(-40)?
6
Let j(c) = c**2 - 10*c - 8. Let x = 4 + -14. What is the units digit of j(x)?
2
Let d be (-852)/(-42) - (-2)/(-7). Suppose 4*t + 5*j - 165 = 0, 2*j = t - j - d. What is the tens digit of t?
3
Let n(z) be the second derivative of z**5/20 + 5*z**4/6 - z**3/2 + 7*z**2 + z. Let i be n(-10). Suppose l - i = -0*l. What is the tens digit of l?
4
Let g(c) = -c**3 + 5*c**2 + 2*c + 5. What is the hundreds digit of g(-8)?
8
Suppose -5*i + 50 = 5*s, s = 2*i + 2*i - 15. Suppose -171 = -s*j + 3*w + 97, -3*w + 124 = 2*j. What is the tens digit of j?
5
Let n = 351 + -314. What is the units digit of n?
7
Suppose l = -2*l - 105. Let j = 88 + l. Suppose 0 = -7*d + j + 3. What is the units digit of d?
8
Let u(s) = -s - 26. Let z be u(-7). What is the tens digit of (z/(-38))/((-1 + -1)/(-504))?
2
Suppose i - 4*q + 22 = 0, -3*q + 88 = -4*i - 8*q. Let p = -167 + 112. What is the tens digit of p/i*44/5?
2
Suppose -l = 22*l - 21114. What is the hundreds digit of l?
9
Let x(h) be the first derivative of h**4/6 - h**3/3 - 3*h**2 - 2. Let t(q) be the second derivative of x(q). What is the tens digit of t(5)?
1
Let w(y) = -y**3 + 7*y**2 + y - 5. Suppose 2*i = 5*j - 21, 0*i = 3*j - 2*i - 15. Suppose 3*o + j*k = o + 15, -o - 3*k = -9. What is the tens digit of w(o)?
3
Let y = 587 - 197. What is the units digit of y?
0
Suppose 4*l = -4*q + 3980, 4*q = 4*l - q - 3962. What is the tens digit of l?
9
Let w = -22 - 4. Let q = w - -40. What is the units digit of q?
4
What is the units digit of (-2080)/(-52)*64/10?
6
Let y = -340 - -1397. What is the units digit of y?
7
Suppose -59*x - 935 = -64*x. What is the hundreds digit of x?
1
Suppose -4*k = -3 - 9. Suppose s - 4*t = k, -s - 7*t + 3 = -2*t. Suppose 2*d - 2*v + s*v - 31 = 0, -3*v + 79 = 5*d. What is the tens digit of d?
1
Suppose -45 = -4*m + 91. Let g = m + -24. Let r = 19 - g. What is the units digit of r?
9
Let y = 399 + 148. What is the units digit of y?
7
Let u = 53 + -91. Let b be 4/8 + u/(-4). Let s = 25 - b. What is the tens digit of s?
1
Let z be 2/2*(-4)/(-2). Suppose z*h = -4, -3*k = h - 6*h - 13. Let s = k + 1. What is the units digit of s?
2
What is the thousands digit of 1782 - 6*-3*(-2)/6?
1
Let r be 21/(-3) + 5 + -6. What is the units digit of r/(-8) - (1 + -1)?
1
Let q = 12525 - 8171. What is the tens digit of q?
5
Suppose 1378 = 4*s + 146. What is the hundreds digit of s?
3
Suppose 0 = 3*v + 2*f + 801, -v + 5*f - 1068 = 3*v. Let w = 486 + v. What is the tens digit of w?
1
Let z(f) be the third derivative of 37*f**4/24 + 5*f**3/6 - 12*f**2. Let b be z(-6). What is the tens digit of (b/21)/(2/(-6))?
3
Let r(l) = 38*l + 562. What is the thousands digit of r(44)?
2
Let v = -27 - -8. What is the tens digit of 12 - 0 - (-19)/v?
1
Let p(f) = -1 + 2 + 1 - 5 + 2*f. Let h be p(3). Suppose -2*a + 125 = h*a. What is the tens digit of a?
2
Suppose -620 = 4*a - 9*a. Let r = a + -80. What is the tens digit of r?
4
Let a(b) = -53*b**3 - b**2 + 20*b + 66. What is the units digit of a(-3)?
8
Let l(i) = 11*i**2 + 4*i - 3. Let q = -49 - -50. What is the tens digit of l(q)?
1
Suppose -4*u - 29 = 7. Let d be -1*(-4)/((-12)/u). Suppose 4*c - d = 5*r - 68, 4*r - c = 52. What is the units digit of r?
3
Suppose 3*j - 35 = -5*a, 2*j + 3*j - 21 = a. Let m = -9 - -11. Suppose 0*c - 14 = -3*c - j*y, 4*y + m = 2*c. What is the units digit of c?
3
Let d = 181 - 152. What is the units digit of d?
9
Let f = 7068 - 4716. What is the hundreds digit of f?
3
What is the tens digit of 2/12 + (-36199)/(-318)?
1
Let m be 1 + (-3 - -9) + -1. Let c be 12/(-4)*(-8)/m. Suppose 8*v = c*v + 72. What is the tens digit of v?
1
Let v = 10 - 8. Let h be (53/(-2))/((-1)/v). Suppose 2*j - 3 = h. What is the units digit of j?
8
Let j = 374 + 116. What is the hundreds digit of j?
4
Suppose -4*v + 4127 = -297. What is the tens digit of v?
0
Let m be 25 + -12 + (-2)/2. Let b(y) = 0*y + 0*y - 3*y - 2*y + m. What is the units digit of b(-5)?
7
S